*2 + 34*b + 27. What is the units digit of a(q)?
2
Suppose -259 = 11*d - 215. Let i = -65 - -109. What is the units digit of (d + i)*4/6*3?
0
Suppose 0 = 6*y - y - 5. Suppose -2*x + 18 = 2*b, x - 4*b = -y - 10. Suppose 4*v = 5*r - 0*v - 77, 3*v = x*r - 79. What is the units digit of r?
7
Let n(g) = 2*g**3 - 72*g**2 + 42*g - 2682. What is the tens digit of n(40)?
9
Let a(f) = -49 - f**3 + f**2 - 18*f + 46 + 20*f**2. What is the tens digit of a(9)?
0
What is the hundreds digit of -1*1*9/6 + (-3880541)/(-358)?
8
Suppose -36650 = -2*j + 4*z + 5506, 0 = -4*j - 2*z + 84292. What is the hundreds digit of j?
0
Let h = 76943 + -41860. What is the units digit of h?
3
Let j(s) = -12*s - 8. Let z be j(-5). Let u = z - 45. Suppose 50 = 5*h + 5*m, -u*h - m + 49 = -3*h. What is the units digit of h?
3
Let h(i) = 10*i + 54. Let p be h(-5). What is the hundreds digit of 1 - p/(4 - (-4158)/(-1038))?
6
Let f be (68/(-8))/((-4)/16). What is the hundreds digit of 18*f/4 + 2?
1
Let b(u) = 8*u - 16. Let v be b(6). Suppose -6*c + v = -2*c. Suppose 3*g = c*j - 11*j + 516, -j - 5*g + 152 = 0. What is the hundreds digit of j?
1
Let m(r) = r**3 + 21*r**2 + 2*r - 16. Let u be m(-14). Suppose 5*c + 0*q + 2*q - 2224 = 0, 0 = 3*c - 2*q - u. What is the units digit of c?
4
What is the thousands digit of (106855/15 + 14)*(5 + -2)?
1
Let v(a) be the second derivative of a**5/20 + 4*a**4/3 + 25*a**2 - 26*a. What is the tens digit of v(-13)?
5
Let u = 6419 - 247. What is the units digit of u?
2
Suppose 0 = -2*c + 6*c - 8. Let g(s) = s**2 + s - 1. Let d(u) = 9*u**3 - 3*u**2 + u - 1. Let a(q) = d(q) + 4*g(q). What is the units digit of a(c)?
1
Let u(h) be the second derivative of h**4/4 - 7*h**3/6 + 7*h**2/2 - 14*h. Let c be u(-6). Suppose 0 = 2*q - 57 - c. What is the tens digit of q?
0
Let x(s) = 11*s**2 + 286*s + 2. What is the units digit of x(-46)?
2
Suppose 0 = 59*k + 15*k - 25530. What is the hundreds digit of k?
3
Let c be (62/(-12) + 9/54)*1. Let k be (26/5)/(-1 + (-4)/c). Let g = k + 102. What is the units digit of g?
6
Suppose 5*h - 147*h + 258440 = 0. What is the thousands digit of h?
1
Let s be ((-39)/52)/(-1*3/(-48)). Let x(z) = -91*z + 8. What is the thousands digit of x(s)?
1
Let g(s) = 186*s - 144. Let j be g(-2). Suppose 3*b = -715 - 284. Let v = b - j. What is the tens digit of v?
8
Suppose 9*a - a - 16 = 0. What is the units digit of (-2)/4 - (1 - 675/a)?
6
Suppose 99*u + 6456 = 107*u. What is the tens digit of u?
0
Suppose 7*m + 11 = 3*h + 8*m, -h + 3*m = -7. Suppose 4*q - 5440 = -h*s, 1700 + 1026 = 2*q - s. What is the tens digit of q?
6
Suppose 0 = -5*i, -3124 = -4*b - 2*i - 3*i. Let w = b + -536. What is the units digit of w?
5
Suppose -824*r + 812*r + 108 = 0. Suppose -i + 2*i = 8. Suppose i*f + 2*k = 9*f - 6, -r = -2*f + k. What is the units digit of f?
4
Let r = 4512 + -4098. What is the hundreds digit of r?
4
Suppose -4*j = -3*b + 2124, 5*j - 3*b = 2*b - 2650. Let g = j - -962. What is the units digit of g?
8
Let r(g) = -43*g + 14. Let n be r(2). Let f = -176 + n. Let o = f + 449. What is the hundreds digit of o?
2
Suppose 15*j - 100 = 10*j. Suppose 21*v = j*v - 288. Let c = -126 - v. What is the tens digit of c?
6
Suppose 3*o + 511 - 79 = 0. What is the hundreds digit of (-1823)/(-6) + (-24)/o?
3
Suppose -1312*z + 1346*z - 528088 = 0. What is the tens digit of z?
3
Let y be ((-12)/(-10))/((-1)/(-28230)*4). Suppose -5*l + 326 = -y. What is the hundreds digit of l?
7
Let j(w) = -16*w**3 + 4*w**2 - w - 14. Let b be j(-3). Suppose 2*r = 69 + b. What is the units digit of r?
3
Let k = 2477 - 85. Suppose k = 2*d + 22*f - 19*f, 5*d - 5991 = -2*f. What is the thousands digit of d?
1
Let s = 133 + -53. Suppose s = 2*c - 24. Suppose -5*y - 91 = -3*x - x, 2*x + 4*y - c = 0. What is the units digit of x?
4
Suppose 173*w - 176*w + 4*f + 83556 = 0, 0 = -4*w - 2*f + 111364. What is the ten thousands digit of w?
2
Let s(l) = 2*l**2 - 5*l + 4. Let z be s(3). Suppose 865 + 32 = -13*r. What is the hundreds digit of ((4 - z) + r)/(3/(-8))?
1
Let q(y) = y**3 - 2*y**2 + 7161. What is the tens digit of q(0)?
6
Let a = -14 + 65. Suppose -a*q - 954 = -60*q. What is the tens digit of q?
0
What is the thousands digit of (1/(-7) + (-18)/(-28))/((-37)/(-236134))?
3
Let i(u) = u**3 + u**2 - 38*u + 2. Let q be i(9). Suppose -460*s = -q*s + 8540. What is the tens digit of s?
5
Suppose -2*d - 10551 = -3*i, -d = 4*i - 7908 - 6149. What is the hundreds digit of i?
5
Suppose 56*f + 4*i + 5627 = 57*f, 0 = -2*i + 6. What is the hundreds digit of f?
6
Suppose -5*c + 27 = v, -8*v + 4 = -11*v + 2*c. Suppose -m = 2*m + 2*r - 556, -m + 4*r + 204 = 0. What is the tens digit of v/1 + 5 + m?
9
Let h = 1360 - 859. Let j = h + -264. What is the hundreds digit of j?
2
Let l be 4*5/(-40)*-8. Suppose 7*m - 4878 = l*m. What is the units digit of m?
6
What is the units digit of 95532150/2664 - 10/24?
0
Let o(u) = 327*u**2 + 9*u + 101. What is the hundreds digit of o(-5)?
2
Let j(y) = 14*y**2 + 113*y - 98. What is the ten thousands digit of j(-41)?
1
Let m be -6 - (-6 - (-6)/(-18)*69). Let g(x) = 82*x - 9. What is the tens digit of g(m)?
7
Let l(w) = -w**2 - 39*w - 73. Let a be l(-37). Suppose -2*o + 60 = 2*k, 3*o - 81 - a = -5*k. What is the tens digit of o?
3
Suppose 3 = -12*m + 51. Suppose -2*d - m*l + 268 = 0, 11*l - 705 = -5*d + 8*l. What is the tens digit of d?
4
Let a = 56997 - 23938. What is the units digit of a?
9
Let x be -44 - 30/(-12)*2. Let l = x + 81. What is the units digit of l?
2
Let o be (1 + -1 - -4)*2992/32. Suppose 5*i = p - o, -1065 = 4*p - 7*p - 4*i. Suppose -5*q = -106 - p. What is the units digit of q?
3
Let u be (-4)/(-10) - (-5 + 42/5). What is the hundreds digit of ((-8040)/100)/(94/(-30) - u)?
6
Suppose -26*o + 87746 = -37600. What is the tens digit of o?
2
Suppose 5*u = -104 + 379. What is the tens digit of (-132)/u*(-1415)/3?
3
Let u be (-10)/(-3)*(-270)/(-225). Suppose 2*t - 1153 = -o, 4*o = -u*t + 76 + 4548. What is the tens digit of o?
5
Suppose 5*a - 2*k - 571 = 0, 10*k + 351 = 3*a + 13*k. Suppose 0 = a*q - 110*q - 5795. What is the tens digit of q?
5
Let a(d) be the first derivative of 5*d**4/12 - 13*d**3/6 - 7*d**2/2 - 17*d + 26. Let x(b) be the first derivative of a(b). What is the tens digit of x(6)?
9
Suppose -8*u + 108829 = 12*u - 41571. What is the tens digit of u?
2
Let o(y) = -98 - 126 + 12 - 48*y. What is the units digit of o(-22)?
4
Let i(j) = j**3 - 10*j**2 + 19*j + 18. Let v be i(7). Suppose 2*z = -v*y + 3332, 35*y = 30*y + 2*z + 4165. What is the tens digit of y?
3
Suppose -14 = 2*p, -5*p = -2*c - 6*p + 15873. What is the units digit of c?
0
Let x(u) = -u**3 - 43*u**2 + 36*u - 3. Let m be (-131)/3 - (3 + -5)/(-6). What is the hundreds digit of x(m)?
3
Let y be -3 - -46 - 0/2. Let g(t) = -6*t**3 + 6*t - 3. Let m be g(2). Let v = y + m. What is the units digit of v?
4
Suppose 0*z = 5*j + 2*z - 473, 0 = -3*j + 2*z + 271. What is the units digit of ((-698)/(-6))/(31/j)?
9
Let o(d) = -3*d - 39. Let f(g) = g**2 - 6*g - 14. Let a be f(9). Let x(y) = -2*y - 19. Let c(r) = a*x(r) - 6*o(r). What is the tens digit of c(-12)?
8
Suppose 0*v - 4*v + 3*o + 215 = 0, 4*o + 270 = 5*v. Suppose -v*s + 805 = -45*s. What is the tens digit of s?
6
Let p(u) be the second derivative of -9*u**5/20 - 5*u**4/12 + 3*u**3/2 + u**2/2 - 217*u. What is the hundreds digit of p(-4)?
4
Let t = 590 + -610. What is the hundreds digit of (-4 + (-8)/t)/((-2)/765)?
3
Let s(a) = -24*a + 87. Let x be s(8). Let b = 311 + x. What is the hundreds digit of b?
2
Let g(n) = 46*n + 38. Let b be g(-6). Let f = b + 619. What is the units digit of f?
1
Let m(k) = 155*k + 23. Let i be m(-2). Let l = 272 - i. What is the hundreds digit of l?
5
Let j = 8789 + -4419. What is the units digit of j?
0
Let j be (9*8/(-60))/((-12)/40). Suppose 4*k - 26 = -2*n, n - 38 = -2*n - 5*k. Suppose 5*m + z = 425, -357 + n = -j*m - 2*z. What is the units digit of m?
4
Let t(s) = -9*s**2 + 654*s - 202. What is the units digit of t(57)?
5
Suppose 2*y - 4*c + 12 = -8*c, 4*y - 12 = c. What is the units digit of (-20 + 22)/(y - 1)?
2
Let h = -1963 - -3291. Suppose n - 1179 = -x, 0 = x - 3*n - h + 133. What is the thousands digit of x?
1
What is the tens digit of 29298/(((-3)/(-2) + 1)*(-968)/(-1210))?
4
Let y(d) = -16*d + 3*d - 5